4 + 761. What is the highest common divisor of 403 and o?
31
Let o = -1779 - -1909. Calculate the highest common factor of o and 1235.
65
Let p be 44/6*3*4/(-8). Let j = p - -33. Calculate the highest common factor of 242 and j.
22
Let c = -357 - -380. Calculate the greatest common factor of c and 207.
23
Let w = 6 - -3. Suppose 4*k = -5*y - k + 35, 3*k = w. Suppose -2*x = 0, 0*x - 144 = -4*h + 2*x. Calculate the highest common divisor of y and h.
4
Suppose 29 = 4*j + 3*p, -2*p - 10 = -0*p. Let s(o) = -o**2 + 14*o - 27. Let k be s(j). Let v = -49 + 97. Calculate the greatest common divisor of k and v.
6
Suppose -3*v + 3548 = -13*o + 9*o, -o = -4*v + 4722. What is the highest common divisor of v and 20?
20
Let p be 1/3 + (-34)/(-6). Suppose p + 74 = 5*q. Calculate the greatest common factor of q and 32.
16
Let i(d) = d**3 + 10*d**2 - 9*d - 6. Let u be i(-10). What is the greatest common divisor of 105 and u?
21
Suppose 13259 = 25*v - 9016. What is the highest common divisor of 132 and v?
33
Let t = -1026 - -1128. What is the highest common factor of t and 867?
51
Suppose -11*o - 118 = -4*j - 12*o, -8 = 4*o. What is the highest common factor of j and 555?
15
Let p = 125 + -121. Let a be p/(-10) - 1144/(-10). Calculate the highest common factor of 6 and a.
6
Let k be 4/(-6)*(-81)/6. Let n(v) = -v + 27. Suppose d = 0, -4*d - d = 4*f. Let l be n(f). Calculate the greatest common factor of l and k.
9
Suppose -3 - 17 = 4*g. Let v be (-2)/(-1) - (g - 3). Calculate the greatest common divisor of v and 80.
10
Suppose 78 = 3*o + 4*t, t + 1 = -2. What is the greatest common divisor of o and 30?
30
Suppose -x = -3*m - 171, -17 = 2*m + x + 97. Let n = m - -63. Calculate the greatest common factor of 12 and n.
6
Let j(v) = v**3 + 15*v**2 + 22*v + 12. Let k be j(-13). Let l be 78/5 - (-4)/10. What is the greatest common factor of l and k?
16
Let i = -83 + 99. Calculate the highest common factor of 16 and i.
16
Let w be (-33)/(-1 + 0) - -1. Let r be 45/(-60) - (-284)/16. Calculate the highest common factor of r and w.
17
Let c = 79 - 28. Suppose 5*b + 148 = b. Let r = c + b. Calculate the greatest common divisor of 112 and r.
14
Suppose 4*d - 60 = -2*r, -27 - 39 = -4*d - 5*r. Suppose -3*p = 3*g - 36, -d - 56 = -5*p + 5*g. Calculate the highest common divisor of p and 91.
13
Suppose 12*q - 75 = -3*t + 9*q, -t - 2*q + 27 = 0. What is the greatest common factor of 1403 and t?
23
Let m(b) = -b - 6. Let q be m(-21). What is the greatest common factor of q and 5?
5
Suppose 3*r + 14 = 68. Suppose -5*y = g - 116, -2*y + 50 + 10 = -3*g. What is the highest common divisor of r and y?
6
Let k be (-20)/((4/(-3))/2). Suppose -g = -11*g + 120. Suppose 0 = -g*b + 2*b + 2100. Calculate the highest common factor of k and b.
30
Let y = -58 - -81. Let w = y + -22. Let d = 20 + w. Calculate the greatest common divisor of d and 21.
21
Let w be ((-105)/(-2) - 0)/(70/140). Let f = 59 + -29. What is the highest common factor of w and f?
15
Suppose 0 = -4*o - 2*s + 8180, 1765 - 5867 = -2*o + 5*s. Calculate the greatest common divisor of 66 and o.
66
Suppose -4*d - 2*f = -314, -93 = -3*d + 5*f + 136. Let a be ((-1032)/72)/(1/3). Let z = -17 - a. What is the greatest common factor of d and z?
26
Let a = 1548 - 1544. What is the highest common divisor of 15 and a?
1
Suppose -4*k + 61 = 65. Let f be (39 - 9)*k/(-2). What is the greatest common factor of 75 and f?
15
Suppose -1 = 5*p - 2*b + 48, -4*b - 23 = p. Let u = p - -16. Calculate the highest common factor of u and 10.
5
Suppose -5*t + 4*t + 1 = 0. Suppose -2*j - 2 = -v, -v + 5*j = v + t. What is the greatest common factor of 84 and v?
12
Suppose 9 = 5*g - 21. Suppose -c + g = c. Suppose 0 = 4*d - c*d - 3. What is the greatest common factor of 33 and d?
3
Let f(x) = 23 + 136 - x**3 - 2*x + 13 - x**2. Let u be f(0). Suppose 4*b - u = 2*o, 136 = b + 2*b - 5*o. Calculate the highest common factor of b and 6.
6
Suppose 4*l - 5*l = 0. Suppose -3*t - 5*u = l, -t + u - 2*u + 2 = 0. Suppose v - 2*v - 9 = -t*o, 2*o - 9 = -5*v. What is the highest common divisor of o and 5?
1
Let d = 7 - 2. Suppose 5*j - d - 15 = 4*o, 4*j - 15 = 3*o. Suppose -50 = -r - j. Calculate the greatest common divisor of 20 and r.
10
Let c = -32 + 34. Let u be c/(-15) - 188/(-60). Let p = 20 - u. Calculate the highest common divisor of 68 and p.
17
Suppose -4*c + 6254 = 5*d - 0*d, 4*d = -5*c + 4996. What is the highest common factor of d and 132?
66
Let x(m) = m**3 - 7*m**2 + 15. Let h be x(7). Calculate the greatest common divisor of h and 210.
15
Let g(n) = 3*n. Let w be g(5). Suppose 94 = 4*c - 3*h, -12*c = -11*c + 5*h - 35. What is the greatest common divisor of w and c?
5
Let y = -1091 - -1497. Calculate the highest common factor of 56 and y.
14
Let f = 32 + -12. Suppose -f*a = -15*a - 30. Let q be (3 - 2)/(2/6). Calculate the greatest common divisor of a and q.
3
Suppose 2*i + 2*n = -i + 27, 18 = 3*i - n. Suppose -75 = -10*p + i*p. Calculate the greatest common divisor of p and 5.
5
Let k = -649 - -740. What is the greatest common factor of k and 26?
13
Let u = -45 + 85. Let v be ((-308)/(-7))/4 - 6. What is the greatest common divisor of v and u?
5
Let o(v) = -16*v - 5. Let u be o(-1). Suppose -u = 4*j - 43. Let r(s) = s**3 + 3*s**2 + 4. Let i be r(-3). Calculate the highest common divisor of j and i.
4
Let y(v) = 14*v**2 - 20*v - 50. Let t be y(-5). What is the greatest common factor of 360 and t?
40
Let c be 234/13 - -3*4/6. Let t be (-3 + 14)*2 - (-2)/(-1). What is the highest common factor of t and c?
20
Suppose -243 = -2*t + 5*y, -2*t + 7*y + 234 = 5*y. What is the greatest common factor of 1482 and t?
114
Let d be 3 + (-3 - -5) + 6/(-2). Suppose -s + d*s = -5*n + 955, 215 = n + 5*s. Calculate the greatest common divisor of n and 76.
38
Suppose 1382 + 1358 = 45*z + 580. Suppose -5*q + 440 = 4*w + 156, 176 = 3*q + w. What is the highest common divisor of z and q?
12
Suppose 367*d - 380*d = -4498. What is the greatest common divisor of 2 and d?
2
Let d be 21 + ((-30)/(-50))/(3/10). Calculate the highest common factor of 161 and d.
23
Suppose 0 = -5*a - 25, c - 51 = 2*a - 11. Suppose 0 = 2*w - v - 9, w + 5*v - 7*v = 0. What is the greatest common factor of c and w?
6
Let b be (-16)/(-2*(-1)/4). Let h = -24 - b. Let z = -78 - -134. What is the highest common divisor of z and h?
8
Let u(s) = s**3 - 3*s**2 - s - 5. Let b be u(4). Suppose -3*q + 6 = -15. What is the greatest common divisor of q and b?
7
Suppose -92*c - 37632 = -124*c. What is the greatest common divisor of 24 and c?
24
Suppose -4*b + 4*h - 9*h = -6181, -4622 = -3*b - h. What is the greatest common factor of 19 and b?
19
Suppose 3*x - c = -6*c - 21, -x + 3*c + 7 = 0. Let p(y) = y**2 + y + 3. Let w be p(x). What is the greatest common factor of w and 45?
5
Let s = -602 - -1027. What is the highest common divisor of s and 25?
25
Let w be 3 + (0/4 - -173). Let a = 260 - w. Calculate the greatest common factor of 12 and a.
12
Let l = 1508 - 533. Calculate the greatest common divisor of l and 25.
25
Suppose 5633 = 7*x + 1664. Calculate the greatest common factor of x and 210.
21
Let o(b) = -18*b - 41. Let m be o(-3). What is the highest common factor of 299 and m?
13
Let c(a) = a**2. Let x be c(0). Suppose s - 5*v - 1 = x, 2*s + v - 2 = 4*v. What is the greatest common divisor of s and 8?
1
Let w be 2/(-8) + (-18)/(-8). Let s be 4/(-22) - (-1 - 13/11). What is the greatest common factor of s and w?
2
Let p = -68 + 71. Let c = 13 - p. What is the highest common divisor of 15 and c?
5
Suppose -5*z + 357 = i, -5*z + 299 = -4*i - 73. What is the greatest common divisor of z and 4?
4
Let r = -60 + 85. Suppose 0 = -3*q - 2*o + 3*o + 2617, 0 = 3*q - 3*o - 2607. Suppose -q - 501 = -11*z. Calculate the highest common divisor of z and r.
25
Let b(o) = o**2 + 56. Let i be b(0). Let v be 1*(4 - (5 + 0))*-16. Calculate the greatest common factor of i and v.
8
Suppose 4*f = -4*s - 44, 3*f - 15 + 38 = -2*s. Let y = 118 + s. Calculate the highest common factor of 72 and y.
36
Let r be -8 - -12 - (0 - -3) - -37. Let g = 2 - -17. Calculate the greatest common factor of g and r.
19
Let z be 6/2*475/57. What is the highest common factor of z and 1?
1
Let i(k) be the first derivative of 3*k**2/2 + 14*k + 9. Let b be i(